{"id":729,"date":"2024-05-20T13:45:33","date_gmt":"2024-05-20T11:45:33","guid":{"rendered":"https:\/\/unfauteuilalamer.fr\/?page_id=729"},"modified":"2024-06-04T10:03:46","modified_gmt":"2024-06-04T08:03:46","slug":"jet-ski","status":"publish","type":"page","link":"http:\/\/unfauteuilalamer.fr\/index.php\/jet-ski\/","title":{"rendered":"Jet ski"},"content":{"rendered":"\t\t<div data-elementor-type=\"wp-page\" data-elementor-id=\"729\" class=\"elementor elementor-729\">\n\t\t\t\t<div class=\"elementor-element elementor-element-82f9111 e-flex e-con-boxed e-con e-parent\" data-id=\"82f9111\" data-element_type=\"container\" data-e-type=\"container\">\n\t\t\t\t\t<div class=\"e-con-inner\">\n\t\t<div class=\"elementor-element elementor-element-02f5af4 e-flex e-con-boxed e-con e-child\" data-id=\"02f5af4\" data-element_type=\"container\" data-e-type=\"container\" data-settings=\"{&quot;animation&quot;:&quot;none&quot;}\">\n\t\t\t\t\t<div class=\"e-con-inner\">\n\t\t\t\t<div class=\"elementor-element elementor-element-823acf0 elementor-invisible elementor-widget elementor-widget-heading\" data-id=\"823acf0\" data-element_type=\"widget\" data-e-type=\"widget\" data-settings=\"{&quot;_animation&quot;:&quot;fadeInLeft&quot;,&quot;_animation_delay&quot;:1000}\" data-widget_type=\"heading.default\">\n\t\t\t\t<div class=\"elementor-widget-container\">\n\t\t\t\t\t<h2 class=\"elementor-heading-title elementor-size-default\">Notre activit\u00e9 Jet ski en vid\u00e9o<\/h2>\t\t\t\t<\/div>\n\t\t\t\t<\/div>\n\t\t\t\t<div class=\"elementor-element elementor-element-98c5d43 elementor-invisible elementor-widget elementor-widget-video\" data-id=\"98c5d43\" data-element_type=\"widget\" data-e-type=\"widget\" data-settings=\"{&quot;youtube_url&quot;:&quot;https:\\\/\\\/youtu.be\\\/k1gLq5tStRs&quot;,&quot;_animation&quot;:&quot;fadeInLeft&quot;,&quot;_animation_delay&quot;:1000,&quot;video_type&quot;:&quot;youtube&quot;,&quot;controls&quot;:&quot;yes&quot;}\" data-widget_type=\"video.default\">\n\t\t\t\t<div class=\"elementor-widget-container\">\n\t\t\t\t\t\t\t<div class=\"elementor-wrapper elementor-open-inline\">\n\t\t\t<div class=\"elementor-video\"><\/div>\t\t<\/div>\n\t\t\t\t\t\t<\/div>\n\t\t\t\t<\/div>\n\t\t\t\t<div class=\"elementor-element elementor-element-d76b4ed elementor-invisible elementor-widget elementor-widget-heading\" data-id=\"d76b4ed\" data-element_type=\"widget\" data-e-type=\"widget\" data-settings=\"{&quot;_animation&quot;:&quot;fadeInRight&quot;,&quot;_animation_delay&quot;:1000}\" data-widget_type=\"heading.default\">\n\t\t\t\t<div class=\"elementor-widget-container\">\n\t\t\t\t\t<h2 class=\"elementor-heading-title elementor-size-default\">Am\u00e9liorations pr\u00e9vues pour les fauteuils<\/h2>\t\t\t\t<\/div>\n\t\t\t\t<\/div>\n\t\t\t\t<div class=\"elementor-element elementor-element-80c6393 elementor-invisible elementor-widget elementor-widget-image\" data-id=\"80c6393\" data-element_type=\"widget\" data-e-type=\"widget\" data-settings=\"{&quot;_animation&quot;:&quot;fadeInRight&quot;,&quot;_animation_delay&quot;:1000}\" data-widget_type=\"image.default\">\n\t\t\t\t<div class=\"elementor-widget-container\">\n\t\t\t\t\t\t\t\t\t\t\t\t\t\t\t<img fetchpriority=\"high\" decoding=\"async\" width=\"1024\" height=\"718\" src=\"http:\/\/unfauteuilalamer.fr\/wp-content\/uploads\/2024\/06\/amelioration_fauteuil-1024x718.jpg\" class=\"attachment-large size-large wp-image-961\" alt=\"\" srcset=\"http:\/\/unfauteuilalamer.fr\/wp-content\/uploads\/2024\/06\/amelioration_fauteuil-1024x718.jpg 1024w, http:\/\/unfauteuilalamer.fr\/wp-content\/uploads\/2024\/06\/amelioration_fauteuil-300x210.jpg 300w, http:\/\/unfauteuilalamer.fr\/wp-content\/uploads\/2024\/06\/amelioration_fauteuil-768x538.jpg 768w, http:\/\/unfauteuilalamer.fr\/wp-content\/uploads\/2024\/06\/amelioration_fauteuil.jpg 1211w\" sizes=\"(max-width: 1024px) 100vw, 1024px\" \/>\t\t\t\t\t\t\t\t\t\t\t\t\t\t\t<\/div>\n\t\t\t\t<\/div>\n\t\t\t\t<div class=\"elementor-element elementor-element-696c2ae elementor-hidden-desktop elementor-hidden-tablet elementor-hidden-mobile elementor-widget elementor-widget-heading\" data-id=\"696c2ae\" data-element_type=\"widget\" data-e-type=\"widget\" data-widget_type=\"heading.default\">\n\t\t\t\t<div class=\"elementor-widget-container\">\n\t\t\t\t\t<h2 class=\"elementor-heading-title elementor-size-default\"><a href=\"https:\/\/www.youtube.com\/watch?v=k1gLq5tStRs\">Notre activit\u00e9 Jet ski en photo<\/a><\/h2>\t\t\t\t<\/div>\n\t\t\t\t<\/div>\n\t\t\t\t<div class=\"elementor-element elementor-element-3ffe4d9 elementor-hidden-desktop elementor-hidden-tablet elementor-hidden-mobile elementor-widget elementor-widget-image\" data-id=\"3ffe4d9\" data-element_type=\"widget\" data-e-type=\"widget\" data-widget_type=\"image.default\">\n\t\t\t\t<div class=\"elementor-widget-container\">\n\t\t\t\t\t\t\t\t\t\t\t\t\t\t\t<img decoding=\"async\" width=\"854\" height=\"520\" src=\"http:\/\/unfauteuilalamer.fr\/wp-content\/uploads\/2024\/05\/enconstruction.png\" class=\"attachment-large size-large wp-image-821\" alt=\"\" srcset=\"http:\/\/unfauteuilalamer.fr\/wp-content\/uploads\/2024\/05\/enconstruction.png 854w, http:\/\/unfauteuilalamer.fr\/wp-content\/uploads\/2024\/05\/enconstruction-300x183.png 300w, http:\/\/unfauteuilalamer.fr\/wp-content\/uploads\/2024\/05\/enconstruction-768x468.png 768w\" sizes=\"(max-width: 854px) 100vw, 854px\" \/>\t\t\t\t\t\t\t\t\t\t\t\t\t\t\t<\/div>\n\t\t\t\t<\/div>\n\t\t\t\t\t<\/div>\n\t\t\t\t<\/div>\n\t\t\t\t\t<\/div>\n\t\t\t\t<\/div>\n\t\t\t\t<\/div>\n\t\t","protected":false},"excerpt":{"rendered":"<p>Notre activit\u00e9 Jet ski en vid\u00e9o Am\u00e9liorations pr\u00e9vues pour les fauteuils Notre activit\u00e9 Jet ski en photo<\/p>\n","protected":false},"author":1,"featured_media":0,"parent":0,"menu_order":0,"comment_status":"closed","ping_status":"closed","template":"","meta":{"ocean_post_layout":"","ocean_both_sidebars_style":"","ocean_both_sidebars_content_width":0,"ocean_both_sidebars_sidebars_width":0,"ocean_sidebar":"","ocean_second_sidebar":"","ocean_disable_margins":"enable","ocean_add_body_class":"","ocean_shortcode_before_top_bar":"","ocean_shortcode_after_top_bar":"","ocean_shortcode_before_header":"","ocean_shortcode_after_header":"","ocean_has_shortcode":"","ocean_shortcode_after_title":"","ocean_shortcode_before_footer_widgets":"","ocean_shortcode_after_footer_widgets":"","ocean_shortcode_before_footer_bottom":"","ocean_shortcode_after_footer_bottom":"","ocean_display_top_bar":"default","ocean_display_header":"default","ocean_header_style":"","ocean_center_header_left_menu":"","ocean_custom_header_template":"","ocean_custom_logo":0,"ocean_custom_retina_logo":0,"ocean_custom_logo_max_width":0,"ocean_custom_logo_tablet_max_width":0,"ocean_custom_logo_mobile_max_width":0,"ocean_custom_logo_max_height":0,"ocean_custom_logo_tablet_max_height":0,"ocean_custom_logo_mobile_max_height":0,"ocean_header_custom_menu":"","ocean_menu_typo_font_family":"","ocean_menu_typo_font_subset":"","ocean_menu_typo_font_size":0,"ocean_menu_typo_font_size_tablet":0,"ocean_menu_typo_font_size_mobile":0,"ocean_menu_typo_font_size_unit":"px","ocean_menu_typo_font_weight":"","ocean_menu_typo_font_weight_tablet":"","ocean_menu_typo_font_weight_mobile":"","ocean_menu_typo_transform":"","ocean_menu_typo_transform_tablet":"","ocean_menu_typo_transform_mobile":"","ocean_menu_typo_line_height":0,"ocean_menu_typo_line_height_tablet":0,"ocean_menu_typo_line_height_mobile":0,"ocean_menu_typo_line_height_unit":"","ocean_menu_typo_spacing":0,"ocean_menu_typo_spacing_tablet":0,"ocean_menu_typo_spacing_mobile":0,"ocean_menu_typo_spacing_unit":"","ocean_menu_link_color":"","ocean_menu_link_color_hover":"","ocean_menu_link_color_active":"","ocean_menu_link_background":"","ocean_menu_link_hover_background":"","ocean_menu_link_active_background":"","ocean_menu_social_links_bg":"","ocean_menu_social_hover_links_bg":"","ocean_menu_social_links_color":"","ocean_menu_social_hover_links_color":"","ocean_disable_title":"default","ocean_disable_heading":"default","ocean_post_title":"","ocean_post_subheading":"","ocean_post_title_style":"","ocean_post_title_background_color":"","ocean_post_title_background":0,"ocean_post_title_bg_image_position":"","ocean_post_title_bg_image_attachment":"","ocean_post_title_bg_image_repeat":"","ocean_post_title_bg_image_size":"","ocean_post_title_height":0,"ocean_post_title_bg_overlay":0.5,"ocean_post_title_bg_overlay_color":"","ocean_disable_breadcrumbs":"default","ocean_breadcrumbs_color":"","ocean_breadcrumbs_separator_color":"","ocean_breadcrumbs_links_color":"","ocean_breadcrumbs_links_hover_color":"","ocean_display_footer_widgets":"default","ocean_display_footer_bottom":"default","ocean_custom_footer_template":"","footnotes":""},"class_list":["post-729","page","type-page","status-publish","hentry","entry"],"yoast_head":"<!-- This site is optimized with the Yoast SEO plugin v27.5 - https:\/\/yoast.com\/product\/yoast-seo-wordpress\/ -->\n<title>Jet ski - Un Fauteuil \u00e0 la Mer<\/title>\n<meta name=\"robots\" content=\"index, follow, max-snippet:-1, max-image-preview:large, max-video-preview:-1\" \/>\n<link rel=\"canonical\" href=\"https:\/\/unfauteuilalamer.fr\/index.php\/jet-ski\/\" \/>\n<meta property=\"og:locale\" content=\"fr_FR\" \/>\n<meta property=\"og:type\" content=\"article\" \/>\n<meta property=\"og:title\" content=\"Jet ski - Un Fauteuil \u00e0 la Mer\" \/>\n<meta property=\"og:description\" content=\"Notre activit\u00e9 Jet ski en vid\u00e9o Am\u00e9liorations pr\u00e9vues pour les fauteuils Notre activit\u00e9 Jet ski en photo\" \/>\n<meta property=\"og:url\" content=\"https:\/\/unfauteuilalamer.fr\/index.php\/jet-ski\/\" \/>\n<meta property=\"og:site_name\" content=\"Un Fauteuil \u00e0 la Mer\" \/>\n<meta property=\"article:modified_time\" content=\"2024-06-04T08:03:46+00:00\" \/>\n<meta property=\"og:image\" content=\"http:\/\/unfauteuilalamer.fr\/wp-content\/uploads\/2024\/06\/amelioration_fauteuil-1024x718.jpg\" \/>\n<meta name=\"twitter:card\" content=\"summary_large_image\" \/>\n<meta name=\"twitter:label1\" content=\"Dur\u00e9e de lecture estim\u00e9e\" \/>\n\t<meta name=\"twitter:data1\" content=\"1 minute\" \/>\n<script type=\"application\/ld+json\" class=\"yoast-schema-graph\">{\"@context\":\"https:\\\/\\\/schema.org\",\"@graph\":[{\"@type\":\"WebPage\",\"@id\":\"https:\\\/\\\/unfauteuilalamer.fr\\\/index.php\\\/jet-ski\\\/\",\"url\":\"https:\\\/\\\/unfauteuilalamer.fr\\\/index.php\\\/jet-ski\\\/\",\"name\":\"Jet ski - Un Fauteuil \u00e0 la Mer\",\"isPartOf\":{\"@id\":\"http:\\\/\\\/unfauteuilalamer.fr\\\/#website\"},\"primaryImageOfPage\":{\"@id\":\"https:\\\/\\\/unfauteuilalamer.fr\\\/index.php\\\/jet-ski\\\/#primaryimage\"},\"image\":{\"@id\":\"https:\\\/\\\/unfauteuilalamer.fr\\\/index.php\\\/jet-ski\\\/#primaryimage\"},\"thumbnailUrl\":\"http:\\\/\\\/unfauteuilalamer.fr\\\/wp-content\\\/uploads\\\/2024\\\/06\\\/amelioration_fauteuil-1024x718.jpg\",\"datePublished\":\"2024-05-20T11:45:33+00:00\",\"dateModified\":\"2024-06-04T08:03:46+00:00\",\"breadcrumb\":{\"@id\":\"https:\\\/\\\/unfauteuilalamer.fr\\\/index.php\\\/jet-ski\\\/#breadcrumb\"},\"inLanguage\":\"fr-FR\",\"potentialAction\":[{\"@type\":\"ReadAction\",\"target\":[\"https:\\\/\\\/unfauteuilalamer.fr\\\/index.php\\\/jet-ski\\\/\"]}]},{\"@type\":\"ImageObject\",\"inLanguage\":\"fr-FR\",\"@id\":\"https:\\\/\\\/unfauteuilalamer.fr\\\/index.php\\\/jet-ski\\\/#primaryimage\",\"url\":\"http:\\\/\\\/unfauteuilalamer.fr\\\/wp-content\\\/uploads\\\/2024\\\/06\\\/amelioration_fauteuil.jpg\",\"contentUrl\":\"http:\\\/\\\/unfauteuilalamer.fr\\\/wp-content\\\/uploads\\\/2024\\\/06\\\/amelioration_fauteuil.jpg\",\"width\":1211,\"height\":849},{\"@type\":\"BreadcrumbList\",\"@id\":\"https:\\\/\\\/unfauteuilalamer.fr\\\/index.php\\\/jet-ski\\\/#breadcrumb\",\"itemListElement\":[{\"@type\":\"ListItem\",\"position\":1,\"name\":\"Accueil\",\"item\":\"http:\\\/\\\/unfauteuilalamer.fr\\\/\"},{\"@type\":\"ListItem\",\"position\":2,\"name\":\"Jet ski\"}]},{\"@type\":\"WebSite\",\"@id\":\"http:\\\/\\\/unfauteuilalamer.fr\\\/#website\",\"url\":\"http:\\\/\\\/unfauteuilalamer.fr\\\/\",\"name\":\"Un Fauteuil \u00e0 la Mer\",\"description\":\"Il n&#039;y a qu&#039;un pas a faire\",\"publisher\":{\"@id\":\"http:\\\/\\\/unfauteuilalamer.fr\\\/#organization\"},\"potentialAction\":[{\"@type\":\"SearchAction\",\"target\":{\"@type\":\"EntryPoint\",\"urlTemplate\":\"http:\\\/\\\/unfauteuilalamer.fr\\\/?s={search_term_string}\"},\"query-input\":{\"@type\":\"PropertyValueSpecification\",\"valueRequired\":true,\"valueName\":\"search_term_string\"}}],\"inLanguage\":\"fr-FR\"},{\"@type\":\"Organization\",\"@id\":\"http:\\\/\\\/unfauteuilalamer.fr\\\/#organization\",\"name\":\"Un Fauteuil \u00e0 la Mer\",\"url\":\"http:\\\/\\\/unfauteuilalamer.fr\\\/\",\"logo\":{\"@type\":\"ImageObject\",\"inLanguage\":\"fr-FR\",\"@id\":\"http:\\\/\\\/unfauteuilalamer.fr\\\/#\\\/schema\\\/logo\\\/image\\\/\",\"url\":\"http:\\\/\\\/unfauteuilalamer.fr\\\/wp-content\\\/uploads\\\/2024\\\/03\\\/cropped-ufalam-1.jpg\",\"contentUrl\":\"http:\\\/\\\/unfauteuilalamer.fr\\\/wp-content\\\/uploads\\\/2024\\\/03\\\/cropped-ufalam-1.jpg\",\"width\":250,\"height\":80,\"caption\":\"Un Fauteuil \u00e0 la Mer\"},\"image\":{\"@id\":\"http:\\\/\\\/unfauteuilalamer.fr\\\/#\\\/schema\\\/logo\\\/image\\\/\"}}]}<\/script>\n<!-- \/ Yoast SEO plugin. -->","yoast_head_json":{"title":"Jet ski - Un Fauteuil \u00e0 la Mer","robots":{"index":"index","follow":"follow","max-snippet":"max-snippet:-1","max-image-preview":"max-image-preview:large","max-video-preview":"max-video-preview:-1"},"canonical":"https:\/\/unfauteuilalamer.fr\/index.php\/jet-ski\/","og_locale":"fr_FR","og_type":"article","og_title":"Jet ski - Un Fauteuil \u00e0 la Mer","og_description":"Notre activit\u00e9 Jet ski en vid\u00e9o Am\u00e9liorations pr\u00e9vues pour les fauteuils Notre activit\u00e9 Jet ski en photo","og_url":"https:\/\/unfauteuilalamer.fr\/index.php\/jet-ski\/","og_site_name":"Un Fauteuil \u00e0 la Mer","article_modified_time":"2024-06-04T08:03:46+00:00","og_image":[{"url":"http:\/\/unfauteuilalamer.fr\/wp-content\/uploads\/2024\/06\/amelioration_fauteuil-1024x718.jpg","type":"","width":"","height":""}],"twitter_card":"summary_large_image","twitter_misc":{"Dur\u00e9e de lecture estim\u00e9e":"1 minute"},"schema":{"@context":"https:\/\/schema.org","@graph":[{"@type":"WebPage","@id":"https:\/\/unfauteuilalamer.fr\/index.php\/jet-ski\/","url":"https:\/\/unfauteuilalamer.fr\/index.php\/jet-ski\/","name":"Jet ski - Un Fauteuil \u00e0 la Mer","isPartOf":{"@id":"http:\/\/unfauteuilalamer.fr\/#website"},"primaryImageOfPage":{"@id":"https:\/\/unfauteuilalamer.fr\/index.php\/jet-ski\/#primaryimage"},"image":{"@id":"https:\/\/unfauteuilalamer.fr\/index.php\/jet-ski\/#primaryimage"},"thumbnailUrl":"http:\/\/unfauteuilalamer.fr\/wp-content\/uploads\/2024\/06\/amelioration_fauteuil-1024x718.jpg","datePublished":"2024-05-20T11:45:33+00:00","dateModified":"2024-06-04T08:03:46+00:00","breadcrumb":{"@id":"https:\/\/unfauteuilalamer.fr\/index.php\/jet-ski\/#breadcrumb"},"inLanguage":"fr-FR","potentialAction":[{"@type":"ReadAction","target":["https:\/\/unfauteuilalamer.fr\/index.php\/jet-ski\/"]}]},{"@type":"ImageObject","inLanguage":"fr-FR","@id":"https:\/\/unfauteuilalamer.fr\/index.php\/jet-ski\/#primaryimage","url":"http:\/\/unfauteuilalamer.fr\/wp-content\/uploads\/2024\/06\/amelioration_fauteuil.jpg","contentUrl":"http:\/\/unfauteuilalamer.fr\/wp-content\/uploads\/2024\/06\/amelioration_fauteuil.jpg","width":1211,"height":849},{"@type":"BreadcrumbList","@id":"https:\/\/unfauteuilalamer.fr\/index.php\/jet-ski\/#breadcrumb","itemListElement":[{"@type":"ListItem","position":1,"name":"Accueil","item":"http:\/\/unfauteuilalamer.fr\/"},{"@type":"ListItem","position":2,"name":"Jet ski"}]},{"@type":"WebSite","@id":"http:\/\/unfauteuilalamer.fr\/#website","url":"http:\/\/unfauteuilalamer.fr\/","name":"Un Fauteuil \u00e0 la Mer","description":"Il n&#039;y a qu&#039;un pas a faire","publisher":{"@id":"http:\/\/unfauteuilalamer.fr\/#organization"},"potentialAction":[{"@type":"SearchAction","target":{"@type":"EntryPoint","urlTemplate":"http:\/\/unfauteuilalamer.fr\/?s={search_term_string}"},"query-input":{"@type":"PropertyValueSpecification","valueRequired":true,"valueName":"search_term_string"}}],"inLanguage":"fr-FR"},{"@type":"Organization","@id":"http:\/\/unfauteuilalamer.fr\/#organization","name":"Un Fauteuil \u00e0 la Mer","url":"http:\/\/unfauteuilalamer.fr\/","logo":{"@type":"ImageObject","inLanguage":"fr-FR","@id":"http:\/\/unfauteuilalamer.fr\/#\/schema\/logo\/image\/","url":"http:\/\/unfauteuilalamer.fr\/wp-content\/uploads\/2024\/03\/cropped-ufalam-1.jpg","contentUrl":"http:\/\/unfauteuilalamer.fr\/wp-content\/uploads\/2024\/03\/cropped-ufalam-1.jpg","width":250,"height":80,"caption":"Un Fauteuil \u00e0 la Mer"},"image":{"@id":"http:\/\/unfauteuilalamer.fr\/#\/schema\/logo\/image\/"}}]}},"_links":{"self":[{"href":"http:\/\/unfauteuilalamer.fr\/index.php\/wp-json\/wp\/v2\/pages\/729","targetHints":{"allow":["GET"]}}],"collection":[{"href":"http:\/\/unfauteuilalamer.fr\/index.php\/wp-json\/wp\/v2\/pages"}],"about":[{"href":"http:\/\/unfauteuilalamer.fr\/index.php\/wp-json\/wp\/v2\/types\/page"}],"author":[{"embeddable":true,"href":"http:\/\/unfauteuilalamer.fr\/index.php\/wp-json\/wp\/v2\/users\/1"}],"replies":[{"embeddable":true,"href":"http:\/\/unfauteuilalamer.fr\/index.php\/wp-json\/wp\/v2\/comments?post=729"}],"version-history":[{"count":10,"href":"http:\/\/unfauteuilalamer.fr\/index.php\/wp-json\/wp\/v2\/pages\/729\/revisions"}],"predecessor-version":[{"id":977,"href":"http:\/\/unfauteuilalamer.fr\/index.php\/wp-json\/wp\/v2\/pages\/729\/revisions\/977"}],"wp:attachment":[{"href":"http:\/\/unfauteuilalamer.fr\/index.php\/wp-json\/wp\/v2\/media?parent=729"}],"curies":[{"name":"wp","href":"https:\/\/api.w.org\/{rel}","templated":true}]}}